9 composite?
True
Is 676031 a composite number?
False
Is 633481467 prime?
False
Is 1395626173 a prime number?
True
Is 375650971 a composite number?
True
Is 2127493 composite?
False
Is 38218051 prime?
False
Is 10840639 a prime number?
True
Is 4622411 a composite number?
False
Is 132095717 prime?
False
Is 830084929 a composite number?
False
Is 2466907 composite?
False
Is 8962637 a prime number?
False
Is 1331563 composite?
True
Is 89384041 a composite number?
True
Is 16049261 prime?
True
Is 624563 prime?
False
Is 6853853 a composite number?
True
Is 715917 composite?
True
Is 772851197 prime?
True
Is 5644303 prime?
False
Is 109764119 prime?
False
Is 14536057 a prime number?
False
Is 2292922 prime?
False
Is 188847647 a composite number?
False
Is 256049 prime?
True
Is 1828069 a prime number?
True
Is 1189553 prime?
True
Is 17168677 a prime number?
False
Is 4924147 a prime number?
True
Is 20280317 a prime number?
False
Is 365051 a composite number?
True
Is 21563431 a composite number?
True
Is 10626721 composite?
True
Is 147079501 a prime number?
False
Is 4518737 a prime number?
True
Is 142009 a prime number?
False
Is 13331999 a composite number?
False
Is 3142261 a prime number?
False
Is 1459703 a prime number?
False
Is 3232729 prime?
True
Is 1657 a composite number?
False
Is 1876451 a composite number?
False
Is 16184849 composite?
False
Is 83402021 a composite number?
False
Is 7362161 a prime number?
False
Is 2151269 a prime number?
True
Is 29056921 composite?
True
Is 795306307 a prime number?
True
Is 7119103 a prime number?
True
Is 128070353 a composite number?
False
Is 375604907 a prime number?
True
Is 1278163 prime?
True
Is 3793357 a prime number?
True
Is 791291 prime?
True
Is 12030061 a composite number?
False
Is 9313322 a composite number?
True
Is 2108243 a composite number?
False
Is 9459407 prime?
False
Is 52837 prime?
True
Is 47252431 prime?
True
Is 1233173 a prime number?
False
Is 8615315 composite?
True
Is 22013063 a composite number?
False
Is 2482355 composite?
True
Is 4752031 a composite number?
False
Is 640388947 prime?
False
Is 372461 a prime number?
True
Is 670683283 prime?
False
Is 65101655 a prime number?
False
Is 15895141 composite?
False
Is 7544347 a composite number?
False
Is 115731443 a composite number?
False
Is 815579 composite?
True
Is 10590571 a prime number?
True
Is 6728977 a prime number?
True
Is 2929447 prime?
False
Is 36185603 a prime number?
True
Is 66139657 composite?
False
Is 107210221 a prime number?
True
Is 4126183 prime?
False
Is 4720421 composite?
True
Is 33846893 prime?
True
Is 24577253 composite?
False
Is 2016997 composite?
False
Is 8027153 composite?
True
Is 5631513 prime?
False
Is 43075859 prime?
True
Is 273709489 composite?
False
Is 276810913 a prime number?
False
Is 77492059 a composite number?
False
Is 1826851 a composite number?
True
Is 8594917 a prime number?
True
Is 8121119 a prime number?
True
Is 25660403 prime?
True
Is 149689 composite?
False
Is 8541129 a composite number?
True
Is 5617163 a prime number?
True
Is 64585141 a prime number?
True
Is 69947561 prime?
True
Is 132997963 a composite number?
True
Is 140344753 a prime number?
True
Is 2646497 composite?
True
Is 68357 a composite number?
True
Is 1492703 composite?
False
Is 594821 prime?
True
Is 645046733 a prime number?
False
Is 3145983 a composite number?
True
Is 75896303 prime?
False
Is 2284591 prime?
False
Is 727205307 prime?
False
Is 12654803 composite?
True
Is 1883429 a prime number?
True
Is 10397497 a prime number?
False
Is 760451 a prime number?
False
Is 18537941 a prime number?
False
Is 18414127 a prime number?
True
Is 8678719 a prime number?
False
Is 25246735 composite?
True
Is 8639363 a prime number?
True
Is 19132801 prime?
False
Is 313629769 a composite number?
False
Is 314106299 prime?
False
Is 1936227847 composite?
False
Is 10504639 a prime number?
True
Is 3402647 composite?
False
Is 595706641 composite?
False
Is 8079917 a composite number?
False
Is 1584367 prime?
True
Is 5054837 composite?
True
Is 389779521 composite?
True
Is 46194257 prime?
True
Is 9512513 prime?
False
Is 32507299 a composite number?
True
Is 1436297 a prime number?
True
Is 3614447 composite?
False
Is 32707093 prime?
True
Is 14669591 a composite number?
False
Is 191460341 prime?
False
Is 1467703 prime?
True
Is 5157323 composite?
False
Is 9697399 a composite number?
False
Is 92188471 prime?
True
Is 26099 prime?
True
Is 103327239 composite?
True
Is 531121589 prime?
False
Is 274052129 prime?
False
Is 1250747 a prime number?
False
Is 2640289 a composite number?
False
Is 43544689 a composite number?
True
Is 255043111 prime?
True
Is 303663727 prime?
False
Is 327580783 prime?
False
Is 11167511 a prime number?
True
Is 120119 a prime number?
False
Is 15878977 a prime number?
True
Is 175399 a prime number?
False
Is 18715733 composite?
True
Is 221686477 prime?
False
Is 288191 composite?
False
Is 277615691 a prime number?
True
Is 6409253 prime?
True
Is 2656235977 a composite number?
False
Is 77304247 a composite number?
True
Is 70982579 a prime number?
True
Is 64396141 a prime number?
False
Is 15199097 composite?
False
Is 3142667 composite?
True
Is 8540669 prime?
False
Is 508764323 prime?
True
Is 1377967 a composite number?
False
Is 21568541 prime?
True
Is 38243 prime?
False
Is 28643 a prime number?
True
Is 428608153 composite?
False
Is 196992473 a prime number?
True
Is 88169947 a prime number?
False
Is 3097299 composite?
True
Is 189872533 a composite number?
True
Is 2672297 a prime number?
False
Is 306490861 a prime number?
False
Is 341047955 a prime number?
False
Is 3171635 composite?
True
Is 36430309 a prime number?
True
Is 720059 prime?
True
Is 4444463 prime?
False
Is 26050967 composite?
False
Is 181527263 a composite number?
False
Is 12668153 prime?
True
Is 179407711 composite?
True
Is 7494869 prime?
True
Is 504292099 prime?
True
Is 165162727 a composite number?
True
Is 12431033 a composite number?
False
Is 45491993 a prime number?
False
Is 335791 composite?
True
Is 10389037 composite?
False
Is 9923201 composite?
False
Is 51702446 a prime number?
False
Is 420560837 prime?
True
Is 8977363 composite?
True
Is 12999797 a composite number?
False
Is 714269747 composite?
False
Is 108071 composite?
True
Is 10612213 prime?
True
Is 18383693 composite?
True
Is 8195219 prime?
False
Is 2794583 composite?
True
Is 1778043 prime?
False
Is 48998897 prime?
True
Is 6037909 composite?
False
Is 40266682 prime?
False
Is 5424553 prime?
True
Is 297559667 a composite number?
True
Is 94593251 a prime number?
True
Is 132088037 composite?
False
Is 816883 composite?
False
Is 1103143 prime?
True
Is 49525079 a prime number?
True
Is 27641935 a prime number?
False
Is 674029649 a composite number?
False
Is 137213203 a composite number?
False
Is 97472597 prime?
False
Is 4099699 composite?
False
Is 8820013 prime?
True
Is 6823723 composite?
True
Is 142562647 prime?
True
Is 72361 prime?
False
Is 13036409 prime?
True
Is 231225037 a composite number?
False
Is 41179291 prime?
True
Is 2247209 prime?
True
Is 242275637 composite?
False
Is 777215473 a prime number?
False
Is 15020209 a composite number?
True
Is 354638731 composite?
False
Is 504804449 prime?
True
Is 22531 a composite number?
False
Is 39545923 prime?
False
Is 7229569 prime?
True
Is 215037103 prime?
False
Is 1828759 a prime number?
True
Is 32746971 prime?
False
Is 7530617 a prime number?
True
Is 39301417 a prime number?
False
Is 720743 a prime number?
True
Is 8350933 a prime number?
True
Is 25578179 a composite number?
True
Is 13240091 a prime number?
False
Is 4128359 composite?
False
Is 5801457 a prime number?
False
Is 5861929 prime?
True
Is 293719141 prime?
False
Is 16277639 composite?
True
Is 1784903 prime?
True
Is 9598813 composite?
True
Is 24304717 prime?
True
Is 14687987 prime?
True
Is 8130118 prime?
False
Is 9892403 prime?
True
Is 124210969 composite?
False
Is 397744429 a composite number?
True
Is 5816645 composite?
True
Is 1758601 composite?
True
Is 211384181 a composite number?
True
Is 452369661 composite?
True
Is 224193607 a prime number?
False
Is 27309981 prime?
False
Is 38281541 a prime number?
True
Is 40860951 a composite number?
True
Is 27230467 prime?
False
Is 170070581 composite?
True
Is 3438341 a prime number?
False
Is 1768099 a prime numb